?
False
Let p = -20435 + 29338. Is p prime?
False
Suppose -97*h = -102*h + 1340455. Is h a prime number?
True
Let o be 2*3/(-15) - 87/(-5). Is (-1)/(o/(-306357)*6/2) a composite number?
False
Let q = -870 + 2894. Let s = q + -1340. Suppose a + 583 = 2*o, 4*a - 207 = -3*o + s. Is o prime?
True
Let q be (-842)/(-1) + 1/((-3)/9). Let s = -286 + q. Suppose 10*y = 3*y + s. Is y a composite number?
False
Let x = 1 + -151. Is (-10990113)/(-475) - 3/(x/(-4)) composite?
True
Suppose 92918 = -476*g + 490*g. Is g composite?
False
Let c = -165 + 168. Suppose -c*h - 1060 = -4186. Is h prime?
False
Let k = 399951 + -204292. Is k a composite number?
False
Let r(k) = 7*k**3 + 10*k**2 - 5*k + 20. Let t be r(8). Suppose l + f - t = 0, 3*l + 849 - 13455 = -f. Is l a prime number?
True
Let f(d) = 7*d**3 + 3*d**2 + 3*d - 9. Let a(t) = 3*t**2 + 5*t + 6. Suppose 0*k - 2*k + 2*n = -4, 4*k + 4 = n. Let j be a(k). Is f(j) prime?
False
Let b(j) = -65081*j**3 - 3*j**2 - 21*j - 16. Is b(-1) prime?
False
Let g(h) = -6*h**3 + h**2 + 2*h - 2. Let t be g(2). Let u(z) = 16*z**2 + 79*z + 26. Let b be u(-7). Is (b/2)/(-3 + t/(-12)) composite?
False
Suppose -9*y + 1695 = -1432 + 634. Is y a prime number?
True
Let z = -427 + 427. Suppose -3*u + 11*d + 28432 = 10*d, z = -3*u + 3*d + 28422. Is u composite?
False
Suppose 19 = v + 2*r - 2, r = -4*v + 35. Let h(u) = 158*u**2 - 3*u - 3. Let q be h(-2). Suppose -q = -v*j + 464. Is j prime?
True
Suppose -5*a + 300 = -9*a. Is -13263*(2/9 + a/135) a composite number?
False
Let u = 65548 - -15395. Is u a prime number?
False
Suppose 695744 = 3*m + 5*d, 10*m - 3*d + 1159600 = 15*m. Is m a composite number?
False
Let c(i) = -92*i**3 + 5*i**2 - 6*i + 40. Is c(-7) a composite number?
False
Let f(z) = 13962*z + 103. Let s be f(6). Suppose -15*c = -23120 - s. Is c a prime number?
False
Let j be (-1)/4 + 315/140. Suppose 0 = -j*h - l + 2301, -3*l + 547 + 601 = h. Is h a composite number?
False
Let r(n) = 4*n**2 + 13*n - 52. Let k = 35 - -5. Suppose -9 + 44 = h - 4*m, 3*h + m = k. Is r(h) a prime number?
False
Suppose -m + 49 = 23. Let r = m - 24. Suppose 3*f - r*k - 92 = 121, -2*f = 5*k - 123. Is f a composite number?
True
Let i(g) = 26*g**2 + 2*g + 18. Let l be i(-6). Let h = -363 + l. Is h a prime number?
False
Let u(m) = -26*m**2 + 59*m**2 - 32*m**2 - 35 + 107*m**3 - 10. Is u(5) a composite number?
True
Let l = -7830 + 31861. Is l prime?
False
Suppose 0 = -6*c - c - 77. Let u be 42/c - (5 - (-53)/(-11)). Is (137 - u)*(-1)/(-1) composite?
True
Suppose -38170*i + 38159*i + 6431249 = 0. Is i composite?
False
Let h(y) = 26*y - 74. Let p be h(3). Is (-11 - -5)*(-718)/p prime?
False
Let i = -132629 + 196928. Is i a composite number?
True
Let c(v) = -v**3 - v**2 + v + 1. Let o be c(0). Let j be ((-3)/3 + 3)*o. Suppose -s = 4*r - 543, j*s + 6*r - 8*r = 1106. Is s composite?
True
Is 0 + 207897 - ((-12)/28 - (-765)/315) a prime number?
False
Let c(t) = 1738*t + 1535. Is c(19) composite?
True
Suppose 0 = -114*w + 359*w - 295311641 - 3092724. Is w a composite number?
False
Suppose -156107 - 3824 = -31*q + 59208. Is q a composite number?
False
Let b = -51397 + 76788. Is b a composite number?
False
Suppose 5*j = -5*f + 725, 0 = 3*f + 6*j - 2*j - 432. Let c = 933 - f. Is c prime?
False
Let x(l) = 253*l**2 - 595*l + 4785. Is x(8) a composite number?
False
Suppose -2*t + 60 = 3*t. Let s be t/3 + 3243/3. Let m = s + 456. Is m composite?
True
Let x = 40713 - 370. Is x a composite number?
False
Let u(h) = -h**2 + 6*h + 45. Let r be u(10). Suppose 2*g - r*q - 881 = 0, 0*g - g - 4*q = -447. Is g a prime number?
True
Suppose 3*f = s + 10, 9*s - 2*f = 6*s - 2. Is (471 + s + 6)/(2 + -1) composite?
False
Is 24896 + 19 + (12 - 25) composite?
True
Let q(r) = 11*r**3 - 22*r**2 + 33*r + 145. Is q(32) a composite number?
False
Suppose 107*n = 25*n + 162760333 + 205602609. Is n a prime number?
True
Let z(w) = 34*w**3 + 2*w - 1. Let k = 235 - 232. Is z(k) composite?
True
Is 4/2*(-2837190)/(-60) prime?
True
Let b(s) = 6*s**2 - 8*s - 2. Let j(n) = -10*n + 5. Let p be j(7). Let v be ((-78)/p)/(2/(-10)). Is b(v) a prime number?
False
Suppose 2999385 = -51*f + 210*f - 6216414. Is f composite?
True
Let o = 143 - 3. Suppose -3*i = o - 113. Let z = i - -47. Is z a prime number?
False
Suppose 0 = 3*x - 5*d - 20903, -9156 = -x - 6*d - 2173. Is x a composite number?
False
Let z(d) = 17497*d**2 + 47*d - 3. Is z(2) composite?
False
Let b(p) = 191*p**2 - 37*p + 871. Is b(24) a composite number?
True
Let s(g) be the third derivative of -g**6/120 + g**5/30 + 11*g**4/24 - 4*g**3 - 3*g**2 + 14. Let x be s(3). Is (1*-1 + x)*(-1805 - 32) composite?
True
Let g(x) = 5*x - 2. Let p be g(1). Let k(a) = 84*a**2 - 2*a - 62*a**2 + 4*a - p. Is k(1) prime?
False
Let w(j) = 6*j**3 - 8*j**2 + 6*j + 11. Let q(n) = 4*n**2 + 3*n - 1. Let m be q(1). Let z be w(m). Suppose 3*s = 5*b - z, 2*b - 2*s - 422 = s. Is b composite?
False
Suppose -2*z = 5*y - 7283 - 120758, 3*y - 76819 = -2*z. Is y composite?
True
Let s be (-7)/((-28)/32) + -3. Suppose 0 = 4*z - 4*j - 12, 0 = -s*z + 5*j - 3*j + 9. Let o(i) = 780*i**2 - 3*i + 2. Is o(z) prime?
False
Let j be 52/65 - 34/5. Let p(h) = 9*h**2 - 27*h - 8. Is p(j) composite?
True
Let c = -52 + 54. Let n be c/1 + -7 + 5. Suppose 9*i - 12*i + 3351 = n. Is i composite?
False
Let i = -105831 + 301810. Is i a composite number?
True
Let c = 192725 - 110988. Is c prime?
True
Suppose 5*i - 41130 = 23*i. Let b = 8294 - i. Is b a prime number?
False
Suppose -2*p + 29002 = -5*x, -3*x = 5*p - 44017 - 28457. Let y = p - 10246. Suppose 3*n = 5*q + 3860, 5*q - 885 - y = -4*n. Is n a composite number?
True
Suppose 0 = 4*s + q + 4668, -2*q = 2*s - 244 + 2572. Let f be -1 + 4 - (-1 - s). Let t = f - -4171. Is t composite?
True
Let x = -37 + 49. Suppose -x = -2*r + 14. Suppose 10 = -2*f, 3*f + 293 + r = 3*a. Is a composite?
False
Suppose -3*t = -4*p - 29531, -9*t - 29555 = -12*t - 2*p. Let r(b) = 1337*b - 1. Let k be r(-5). Let s = t + k. Is s a prime number?
True
Is ((-17)/(-4))/((980/(-245360))/(-49)) a composite number?
True
Suppose 4*y + 1492 = 4*m, -4*y + 5*y - 1865 = -5*m. Let p = -80 + m. Is p composite?
False
Suppose 0 = 10*o - 820402 - 347498. Suppose -35568 = 6*v - o. Is v composite?
False
Let g = -75 + 83. Suppose 0 = -g*w + 9497 + 11887. Let m = 4072 - w. Is m prime?
True
Let b = -351 + 793. Let k = -139 + b. Suppose 0 = -r + 4 + k. Is r prime?
True
Suppose 5*r - r + 28 = 3*d, -10 = -2*r. Suppose 4*z + d = -5*c - 1, 3*c + 15 = 0. Suppose 2*o = 6*a - a + 946, -952 = -2*o + z*a. Is o prime?
False
Let s = 50068 - 32862. Suppose -28700 = -5*o + 3*b, s = 3*o + 8*b - 7*b. Is o composite?
False
Let z = 34363 - 14774. Is z prime?
False
Suppose 44 = 3*f - p, 4*f + 40 = 6*f + 2*p. Let m(h) = 3*h**3 + 7*h**2 - 2. Let k be m(-1). Is 1*k + (-12)/f*-556 composite?
False
Suppose 3*p = 5*b - 26, 0 = 3*b - 2*b + 3*p + 2. Suppose -8*i = -14*i + 8028. Suppose b*l - 6782 = -i. Is l a composite number?
False
Suppose -4*n = -8*n + 5444. Is n prime?
True
Suppose 10*s - 3950 = -0*s. Let p = s - 607. Is (-5)/(15/(-6)) - (p - -1) a composite number?
True
Suppose 0 = -118*t + 176*t - 10301206. Is t composite?
True
Suppose 6*b - 10*b + 144 = 0. Suppose -t - 4*a = 9, 0 = 2*t + 2*t + 5*a + b. Is (-2)/t - 4732/(-9) a composite number?
True
Is (8 + -5)*(-493828)/12*-1 a prime number?
True
Let d(w) = -34818*w**3 + 12*w**2 + 7*w - 4. Is d(-1) a composite number?
False
Suppose 0 = -3*k + 5*k - 6. Suppose -2*f - 38993 = -3*d, -k*f = 66 - 81. Is d a composite number?
False
Let z = -366645 - -636646. Is z a composite number?
False
Let b be 4 - 2 - 1/((-6)/1392). Suppose -3*q + b = -3*c, -8*c = 5*q - 6*c - 425. Is q a prime number?
True
Let h = 65462 + -33669. Is h a composite number?
False
Let u(n) = -2*n**3 - 3*n**2 + 5*n + 5. Let z be u(-3). Let t(j) = 640*j + 89. Is t(z) prime?
False
Is (2 - 1)/((-6)/(-665814)) a prime number?
True
Suppose -3*r - 114*c + 733587 = -113*c, -5*r = 5*c - 1222645. Is r prime?
True
Let k(p) = -p + 11. Let h be k(7). Suppose f + 7*x = h*x + 480, f - 480 = x. Suppose -317 = -2*l + s, s - 4*s - f = -3*l. Is l a composite number?
False
Let k = -76 + 116. Is 10022/3 + (3 - k/15) composite?
True
Let p(n) = -58*n**2 - 32*n + 183. Let i be p(9). Let x = i + 7346. Is x composite?
False
Let n = 49